*2 - 6*n + 7. Determine v(-7).
0
Let t(u) = -u**3 - 7*u**2 + 7*u. Give t(-7).
-49
Let n(c) = c**3 - 4*c**2 - 2*c + 2. Calculate n(6).
62
Let w(h) = h**3 + 2*h**2 - 7*h - 1. What is w(-4)?
-5
Let s(m) = m. What is s(10)?
10
Let j(u) = 64*u - 195. Give j(3).
-3
Let i(q) = q**3 - q - 6. What is i(-4)?
-66
Let w(z) = -4*z + 52. Determine w(14).
-4
Let n(b) = -3*b - 62. Give n(-19).
-5
Let u(j) = -4*j + 7. Give u(6).
-17
Let v(k) = k**2 + 2*k - 15. Give v(-5).
0
Let k(t) = -t**2 - 11*t + 47. Determine k(-15).
-13
Let p(r) = 6*r**3 - 25*r**2 + 3*r - 10. Give p(4).
-14
Let t(m) = m**2 - 16*m + 21. What is t(18)?
57
Let j(o) = 3*o - 7. What is j(-5)?
-22
Let o(r) = -7*r + 2. Give o(3).
-19
Let n(t) = -t - 4. Calculate n(-4).
0
Let h(t) = -4*t**3 - 4*t**2 - 3*t - 1. Calculate h(-2).
21
Let t(w) = w**3 + w**2 - 4*w + 4. Give t(4).
68
Let b(u) = -12*u - 2. Give b(-5).
58
Let z(h) = -26*h + 155. Give z(6).
-1
Let u(i) = -i + 3. Calculate u(2).
1
Let h(k) = 2*k**2 + 31*k + 46. Give h(-14).
4
Let v(n) = n - 5. Determine v(-7).
-12
Let b(g) = -g**3 + 3*g**2 + 2*g - 2. What is b(3)?
4
Let j(d) = -d**2 - 16*d + 20. What is j(5)?
-85
Let r(g) = -4*g**2 + 22*g + 39. What is r(-2)?
-21
Let d(y) = y**2 + 8*y - 6. What is d(4)?
42
Let u(y) = -3*y + 5. Give u(6).
-13
Let v(i) = -9*i**2 - 5*i - 4. Calculate v(-1).
-8
Let k(r) = r**3 - 13*r + 7. Calculate k(6).
145
Let s(r) = 5*r + 1. Calculate s(-7).
-34
Let z(t) = -t**2 + 9*t + 6. Give z(10).
-4
Let u(g) = -g**2 - 9*g - 8. Give u(-4).
12
Let n(g) = -g**3 + 5*g**2 + 10*g + 11. Determine n(6).
35
Let u(c) = -c + 19. What is u(13)?
6
Let d(q) = q**2 + 25*q + 57. What is d(-3)?
-9
Let s(a) = 13*a + 296. Determine s(-23).
-3
Let m(x) = -2*x - 12. Give m(-10).
8
Let i(m) = 61*m**3 - m**2 - 2*m + 2. Give i(1).
60
Let b(c) = -5*c + 28. What is b(9)?
-17
Let a(z) = 15*z - 19. Determine a(2).
11
Let n(i) = 12*i + 298. What is n(-25)?
-2
Let b(k) = -k**2 - 8*k + 2. What is b(-11)?
-31
Let p(u) = -u**3 - 3*u**2 + 31*u + 10. Determine p(-8).
82
Let o(c) = 14*c - 103. What is o(5)?
-33
Let y(j) = -j**3 + 18*j**2 - 18*j + 15. What is y(17)?
-2
Let u(g) = -14*g + 139. Give u(10).
-1
Let p(u) = u + 1. Calculate p(2).
3
Let y(q) = -13*q**2 + 5*q + 1. Determine y(-1).
-17
Let o(t) = -6*t + 3. Calculate o(2).
-9
Let f(y) = -2*y**2 + 56*y - 54. Calculate f(27).
0
Let p(t) = t**3 + 9*t**2 + 8*t - 5. What is p(-8)?
-5
Let q(l) = l - 17. Calculate q(10).
-7
Let j(z) = z**3 - 7*z**2 + z - 7. Determine j(7).
0
Let l(q) = q**2 - 25*q + 53. Give l(2).
7
Let i(j) = 35*j + 1. Calculate i(-1).
-34
Let h(x) = x**2 - 14*x - 37. Calculate h(16).
-5
Let l(t) = -13*t**2 - 5*t - 5. Calculate l(-1).
-13
Let y(t) = t**3 - 6*t**2 - t + 4. What is y(6)?
-2
Let y(t) = t**3 - 15*t**2 + 16*t - 35. Calculate y(14).
-7
Let p(c) = c + 10. Give p(7).
17
Let c(o) = -o**2 - 2. What is c(-3)?
-11
Let a(q) = -q - 19. Calculate a(-23).
4
Let w(r) = r - 14. Calculate w(34).
20
Let v(q) = -2*q - 13. What is v(-9)?
5
Let y(b) = -b**3 - 7*b**2 + b + 24. Determine y(-6).
-18
Let m(o) = o**2 - 10*o - 6. Calculate m(10).
-6
Let h(x) = x**2 - 17*x + 30. Give h(14).
-12
Let g(a) = a - 14. Determine g(15).
1
Let x(b) = b**3 + b + 1. Calculate x(-1).
-1
Let w(u) = -u**3 + 9*u**2 - 12*u - 1. Determine w(6).
35
Let s(o) = -o**2 - 15*o + 24. What is s(-12)?
60
Let r(m) = -3*m**2 - 75*m + 1. What is r(-25)?
1
Let h(v) = v**3 + 13*v**2 - 16. Calculate h(-13).
-16
Let b(w) = 4*w**3 - w**2 + 4. Determine b(2).
32
Let i(u) = -2*u + 6. Give i(3).
0
Let p(q) = q**3 - 2*q + 14. Determine p(3).
35
Let o(u) = 2*u**3 - 22*u**2 + 8. Give o(11).
8
Let m(b) = 23*b + 383. Determine m(-16).
15
Let q(f) = 2*f + 15. Calculate q(-7).
1
Let c(w) = 2*w**2 - 11*w + 8. Calculate c(7).
29
Let a(t) = 2*t - 8. Calculate a(0).
-8
Let s(q) = -6*q - 137. Give s(-23).
1
Let h(p) = -2*p**2 + 10*p + 7. Give h(5).
7
Let c(r) = 44*r + 256. Determine c(-6).
-8
Let r(t) = 2*t + 19. Determine r(9).
37
Let i(z) = -z**3 - 23*z**2 - 23*z - 29. Determine i(-22).
-7
Let t(n) = n**3 - 11*n**2 - 17*n - 3. Calculate t(13).
114
Let b(q) = -q**3 + 14*q**2 - 28*q + 17. Calculate b(12).
-31
Let q(b) = 2*b - 7. Calculate q(5).
3
Let q(y) = -3*y + 52. Calculate q(15).
7
Let d(f) = 13*f - 34. Give d(3).
5
Let q(x) = -x**3 + 14*x**2 + 17*x - 15. Calculate q(15).
15
Let j(g) = g - 15. Calculate j(12).
-3
Let p(m) = -m**2 + 6*m - 9. Calculate p(8).
-25
Let h(w) = 13*w - 147. What is h(12)?
9
Let p(y) = y**3 + 6*y**2 - 6. What is p(-6)?
-6
Let g(h) = -3*h + 67. Determine g(27).
-14
Let t(l) = l**3 - 78*l**2 + 76*l + 69. Give t(77).
-8
Let w(k) = -k - 4. Calculate w(-2).
-2
Let p(l) = l**3 - 3*l**2 - 8*l + 5. Calculate p(5).
15
Let o(i) = -4*i**2 - 42*i + 16. What is o(-11)?
-6
Let g(q) = q**3 - 8*q**2 + 6*q - 43. Give g(8).
5
Let h(s) = 2*s - 2. What is h(-1)?
-4
Let h(x) = 9*x + 1. Determine h(0).
1
Let k(a) = 11*a + 51. Calculate k(-5).
-4
Let a(r) = r**3 + 3*r**2 - 2*r - 2. Give a(4).
102
Let b(a) = a**2 - 42*a + 157. What is b(37)?
-28
Let z(b) = b**2 + 32*b - 33. Determine z(-33).
0
Let q(x) = -2*x**2 + 5*x - 9. Determine q(2).
-7
Let x(q) = q**2 + 13*q + 28. What is x(-11)?
6
Let k(f) = f**2 + f + 3. Give k(0).
3
Let o(i) = 30*i - 601. Give o(20).
-1
Let s(u) = -u**2 - 23*u - 106. What is s(-16)?
6
Let m(l) = -6*l - 35. Give m(-8).
13
Let f(h) = -h**3 + 4*h**2 + 6*h - 7. Give f(5).
-2
Let m(s) = 3*s. Calculate m(-1).
-3
Let t(b) = 2*b + 14. Give t(-12).
-10
Let p(i) = 2*i**2 + i - 1. Calculate p(1).
2
Let x(q) = q**3 + 4*q**2 - 141*q + 8. What is x(10)?
-2
Let g(x) = 3*x + 2. Calculate g(2).
8
Let b(n) = 2*n**2 + 25*n. Determine b(-12).
-12
Let r(s) = 15*s + 13. What is r(4)?
73
Let k(c) = c**3 - 4*c**2 - 3*c - 4. Give k(5).
6
Let w(b) = -b**3 - 6*b**2 - 5*b + 4. What is w(-4)?
-8
Let d(k) = 2*k**2 - 4*k - 2. Give d(-6).
94
Let f(a) = -11*a + 25. Determine f(-8).
113
Let l(j) = j. Calculate l(3).
3
Let h(c) = -c**3 + 16*c**2 + 20*c - 33. Give h(17).
18
Let o(s) = s**2 - 27*s - 238. What is o(-7)?
0
Let x(g) = -g**3 + 5*g**2 - 3*g - 3. Calculate x(3).
6
Let m(h) = -h**3 - 8*h**2 - 10*h + 2. What is m(-7)?
23
Let f(h) = -h**2 + 7*h + 19. Calculate f(9).
1
Let h(s) = s**3 - 6*s**2 + 6*s - 1. Determine h(5).
4
Let u(v) = -6*v + 6. What is u(3)?
-12
Let s(l) = -28*l. Calculate s(1).
-28
Let u(q) = -2*q**2 + 19*q - 13. Determine u(9).
-4
Let x(c) = 2*c**3 + 61*c**2 - 32*c - 33. What is x(-31)?
-2
Let q(s) = s**2 + 8*s. What is q(-8)?
0
Let w(k) = -5*k**3 + 18*k**2 + 6*k + 8. Give w(4).
0
Let x(r) = -7*r + 4. What is x(-8)?
60
Let p(x) = x**2 + 14*x + 19. Determine p(-13).
6
Let d(f) = -3*f + 11. Calculate d(3).
2
Let d(n) = -3*n - 113. Calculate d(-31).
-20
Let s(y) = y + 50. Calculate s(-56).
-6
Let q(m) = -m**3 + 8*m**2 + 13*m - 135. Calculate q(7).
5
Let t(k) = k**2 - 4*k - 83. What is t(-8)?
13
Let w(b) = -b**3 - 7*b**2 - 11*b - 12. What is w(-5)?
-7
Let k(g) = -g**2 + 2*g. What is k(2)?
0
Let x(d) = -d**3 + d**2 - d - 10. What is x(0)?
-10
Let d(f) = f**3 - 11*f**2 + 5*f - 29. Determine d(11).
26
Let c(j) = -3*j - 17. What is c(-11)?
16
Let a(q) = -2*q**2 - 12*q + 58. What is a(-9)?
4
Let l(d) = -2*d**2 - 5*d - 3. Determine l(-3).
-6
Let o(d) = d + 2. Determine o(0).
2
Let c(t) = 2*t + 35. Determine c(5).
45
Let f(p) = -p**2 - 4*p - 5. What is f(-3)?
-2
Let l(w) = w + 17. Determine l(-12).
5
Let a(m) = -4*m**3 + 2*m**2 + m - 4. Give a(1).
-5
Let j(g) = g**2 + 3*g - 8. Determine j(0).
-8
Let u(w) = -w**3 + w**2 + 110*w + 38. Calculate u(11).
38
Let i(s) = s**2 - 9*s - 6. What is i(9)?
-6
Let c(r) = -44*r - 18. Determine c(-1).
26
Let b(c) = 2*c**3 + 5*c**2 - 39*c + 8. What is b(-6)?
-10
Let p(i) = i**3 - 11*i**2 - 11*i + 1. What is p(12)?
13
Let c(t) = t**3 + 8*t**2 - 6*t + 27. What is c(-9)?
0
Let z(i) = -3*i - 59. Give z(-18).
-5
Let u(m) = m + 14. Give u(-18).
-4
Let l(n) = 5*n**2 - 101*n + 16. Determine l(20).
-4
Let j(x) = -3*x + 11. Calculate j(-10).
41
Let b(m) = 16*m + 16. Calculate b(-1).
0
Let n(r) = -r**3 + 4*r**2 + 15*r - 2. Calculate n(6).
16
Let p(m) = m**3 + 6*m**2 + 15*m + 18. What is p(-4)?
-10
Let i(h) = -23*h - 4. Determine i(-2).
42
Let t(d) = 9*d**2 + 4*d + 2. Determine t(-2).
30
Let s(p) = -2*p**2 + 24*p + 22. Calculate s(13).
-4
Let t(k) = 2*k + 23. Determine t(-7).
9
Let x(m) = -m**3 - 6*m**2 + 7*m + 24.